{"id":50,"date":"2024-01-30T16:56:55","date_gmt":"2024-01-30T19:56:55","guid":{"rendered":"https:\/\/ricardosilvatattoo.com.br\/?page_id=50"},"modified":"2024-01-31T16:45:25","modified_gmt":"2024-01-31T19:45:25","slug":"sobre-mim","status":"publish","type":"page","link":"https:\/\/ricardosilvatattoo.com.br\/?page_id=50","title":{"rendered":"Sobre Mim"},"content":{"rendered":"\t\t<div data-elementor-type=\"wp-page\" data-elementor-id=\"50\" class=\"elementor elementor-50\" data-elementor-post-type=\"page\">\n\t\t\t\t<div class=\"elementor-element elementor-element-41f131d e-flex e-con-boxed e-con e-parent\" data-id=\"41f131d\" data-element_type=\"container\" data-settings=\"{&quot;background_background&quot;:&quot;classic&quot;}\">\n\t\t\t\t\t<div class=\"e-con-inner\">\n\t\t\t\t\t<\/div>\n\t\t\t\t<\/div>\n\t\t<div class=\"elementor-element elementor-element-2b46315 e-flex e-con-boxed e-con e-parent\" data-id=\"2b46315\" data-element_type=\"container\" data-settings=\"{&quot;background_background&quot;:&quot;classic&quot;,&quot;position&quot;:&quot;absolute&quot;}\">\n\t\t\t\t\t<div class=\"e-con-inner\">\n\t\t<div class=\"elementor-element elementor-element-a32327f e-flex e-con-boxed e-con e-child\" data-id=\"a32327f\" data-element_type=\"container\" data-settings=\"{&quot;background_background&quot;:&quot;classic&quot;}\">\n\t\t\t\t\t<div class=\"e-con-inner\">\n\t\t\t\t<div class=\"elementor-element elementor-element-e2ba42d elementor-nav-menu__align-center elementor-nav-menu--dropdown-mobile elementor-nav-menu--stretch elementor-nav-menu__text-align-center elementor-widget elementor-widget-nav-menu\" data-id=\"e2ba42d\" data-element_type=\"widget\" data-settings=\"{&quot;full_width&quot;:&quot;stretch&quot;,&quot;layout&quot;:&quot;horizontal&quot;,&quot;submenu_icon&quot;:{&quot;value&quot;:&quot;&lt;svg class=\\&quot;e-font-icon-svg e-fas-caret-down\\&quot; viewBox=\\&quot;0 0 320 512\\&quot; xmlns=\\&quot;http:\\\/\\\/www.w3.org\\\/2000\\\/svg\\&quot;&gt;&lt;path d=\\&quot;M31.3 192h257.3c17.8 0 26.7 21.5 14.1 34.1L174.1 354.8c-7.8 7.8-20.5 7.8-28.3 0L17.2 226.1C4.6 213.5 13.5 192 31.3 192z\\&quot;&gt;&lt;\\\/path&gt;&lt;\\\/svg&gt;&quot;,&quot;library&quot;:&quot;fa-solid&quot;}}\" data-widget_type=\"nav-menu.default\">\n\t\t\t\t<div class=\"elementor-widget-container\">\n\t\t\t\t\t\t\t\t<nav class=\"elementor-nav-menu--main elementor-nav-menu__container elementor-nav-menu--layout-horizontal e--pointer-underline e--animation-fade\">\n\t\t\t\t<ul id=\"menu-1-e2ba42d\" class=\"elementor-nav-menu\"><li class=\"menu-item menu-item-type-post_type menu-item-object-page menu-item-home menu-item-25\"><a href=\"https:\/\/ricardosilvatattoo.com.br\/\" class=\"elementor-item\">Home<\/a><\/li>\n<li class=\"menu-item menu-item-type-post_type menu-item-object-page menu-item-53\"><a href=\"https:\/\/ricardosilvatattoo.com.br\/?page_id=50\" class=\"elementor-item\">Sobre Mim<\/a><\/li>\n<li class=\"menu-item menu-item-type-post_type menu-item-object-page menu-item-93\"><a href=\"https:\/\/ricardosilvatattoo.com.br\/?page_id=78\" class=\"elementor-item\">Portf\u00f3lio<\/a><\/li>\n<li class=\"menu-item menu-item-type-post_type menu-item-object-page menu-item-114\"><a href=\"https:\/\/ricardosilvatattoo.com.br\/?page_id=112\" class=\"elementor-item\">Artes Pl\u00e1sticas<\/a><\/li>\n<li class=\"menu-item menu-item-type-post_type menu-item-object-page menu-item-305\"><a href=\"https:\/\/ricardosilvatattoo.com.br\/?page_id=304\" class=\"elementor-item\">Loja<\/a><\/li>\n<li class=\"menu-item menu-item-type-post_type menu-item-object-page menu-item-307\"><a href=\"https:\/\/ricardosilvatattoo.com.br\/?page_id=306\" class=\"elementor-item\">Carrinho<\/a><\/li>\n<li class=\"menu-item menu-item-type-post_type menu-item-object-page menu-item-309\"><a href=\"https:\/\/ricardosilvatattoo.com.br\/?page_id=308\" class=\"elementor-item\">Finaliza\u00e7\u00e3o de compra<\/a><\/li>\n<li class=\"menu-item menu-item-type-post_type menu-item-object-page menu-item-311\"><a href=\"https:\/\/ricardosilvatattoo.com.br\/?page_id=310\" class=\"elementor-item\">Minha conta<\/a><\/li>\n<\/ul>\t\t\t<\/nav>\n\t\t\t\t\t\t<nav class=\"elementor-nav-menu--dropdown elementor-nav-menu__container\" aria-hidden=\"true\">\n\t\t\t\t<ul id=\"menu-2-e2ba42d\" class=\"elementor-nav-menu\"><li class=\"menu-item menu-item-type-post_type menu-item-object-page menu-item-home menu-item-25\"><a href=\"https:\/\/ricardosilvatattoo.com.br\/\" class=\"elementor-item\" tabindex=\"-1\">Home<\/a><\/li>\n<li class=\"menu-item menu-item-type-post_type menu-item-object-page menu-item-53\"><a href=\"https:\/\/ricardosilvatattoo.com.br\/?page_id=50\" class=\"elementor-item\" tabindex=\"-1\">Sobre Mim<\/a><\/li>\n<li class=\"menu-item menu-item-type-post_type menu-item-object-page menu-item-93\"><a href=\"https:\/\/ricardosilvatattoo.com.br\/?page_id=78\" class=\"elementor-item\" tabindex=\"-1\">Portf\u00f3lio<\/a><\/li>\n<li class=\"menu-item menu-item-type-post_type menu-item-object-page menu-item-114\"><a href=\"https:\/\/ricardosilvatattoo.com.br\/?page_id=112\" class=\"elementor-item\" tabindex=\"-1\">Artes Pl\u00e1sticas<\/a><\/li>\n<li class=\"menu-item menu-item-type-post_type menu-item-object-page menu-item-305\"><a href=\"https:\/\/ricardosilvatattoo.com.br\/?page_id=304\" class=\"elementor-item\" tabindex=\"-1\">Loja<\/a><\/li>\n<li class=\"menu-item menu-item-type-post_type menu-item-object-page menu-item-307\"><a href=\"https:\/\/ricardosilvatattoo.com.br\/?page_id=306\" class=\"elementor-item\" tabindex=\"-1\">Carrinho<\/a><\/li>\n<li class=\"menu-item menu-item-type-post_type menu-item-object-page menu-item-309\"><a href=\"https:\/\/ricardosilvatattoo.com.br\/?page_id=308\" class=\"elementor-item\" tabindex=\"-1\">Finaliza\u00e7\u00e3o de compra<\/a><\/li>\n<li class=\"menu-item menu-item-type-post_type menu-item-object-page menu-item-311\"><a href=\"https:\/\/ricardosilvatattoo.com.br\/?page_id=310\" class=\"elementor-item\" tabindex=\"-1\">Minha conta<\/a><\/li>\n<\/ul>\t\t\t<\/nav>\n\t\t\t\t\t\t<\/div>\n\t\t\t\t<\/div>\n\t\t\t\t\t<\/div>\n\t\t\t\t<\/div>\n\t\t\t\t\t<\/div>\n\t\t\t\t<\/div>\n\t\t<div class=\"elementor-element elementor-element-f0e94db e-flex e-con-boxed e-con e-parent\" data-id=\"f0e94db\" data-element_type=\"container\" data-settings=\"{&quot;background_background&quot;:&quot;classic&quot;}\">\n\t\t\t\t\t<div class=\"e-con-inner\">\n\t\t\t\t\t<\/div>\n\t\t\t\t<\/div>\n\t\t\t\t<section class=\"elementor-section elementor-top-section elementor-element elementor-element-41121089 elementor-section-boxed elementor-section-height-default elementor-section-height-default\" data-id=\"41121089\" data-element_type=\"section\" data-settings=\"{&quot;background_background&quot;:&quot;classic&quot;}\">\n\t\t\t\t\t\t\t<div class=\"elementor-background-overlay\"><\/div>\n\t\t\t\t\t\t\t<div class=\"elementor-container elementor-column-gap-default\">\n\t\t\t\t\t<div class=\"elementor-column elementor-col-100 elementor-top-column elementor-element elementor-element-679d771c\" data-id=\"679d771c\" data-element_type=\"column\">\n\t\t\t<div class=\"elementor-widget-wrap elementor-element-populated\">\n\t\t\t\t\t\t<section class=\"elementor-section elementor-inner-section elementor-element elementor-element-1fd9a3d4 elementor-section-boxed elementor-section-height-default elementor-section-height-default\" data-id=\"1fd9a3d4\" data-element_type=\"section\">\n\t\t\t\t\t\t<div class=\"elementor-container elementor-column-gap-default\">\n\t\t\t\t\t<div class=\"elementor-column elementor-col-50 elementor-inner-column elementor-element elementor-element-4f481da7 elementor-invisible\" data-id=\"4f481da7\" data-element_type=\"column\" data-settings=\"{&quot;animation&quot;:&quot;fadeInLeft&quot;}\">\n\t\t\t<div class=\"elementor-widget-wrap elementor-element-populated\">\n\t\t\t\t\t\t<div class=\"elementor-element elementor-element-6702f774 elementor-widget elementor-widget-text-editor\" data-id=\"6702f774\" data-element_type=\"widget\" data-widget_type=\"text-editor.default\">\n\t\t\t\t<div class=\"elementor-widget-container\">\n\t\t\t\t\t\t\t\t\t<p>Quem vai tatuar?<\/p>\t\t\t\t\t\t\t\t<\/div>\n\t\t\t\t<\/div>\n\t\t\t\t<div class=\"elementor-element elementor-element-31913486 elementor-widget elementor-widget-text-editor\" data-id=\"31913486\" data-element_type=\"widget\" data-widget_type=\"text-editor.default\">\n\t\t\t\t<div class=\"elementor-widget-container\">\n\t\t\t\t\t\t\t\t\t<p>Ricardo Silva<\/p>\t\t\t\t\t\t\t\t<\/div>\n\t\t\t\t<\/div>\n\t\t\t\t<div class=\"elementor-element elementor-element-6c5aeca9 elementor-widget elementor-widget-text-editor\" data-id=\"6c5aeca9\" data-element_type=\"widget\" data-widget_type=\"text-editor.default\">\n\t\t\t\t<div class=\"elementor-widget-container\">\n\t\t\t\t\t\t\t\t\t<p>Tatuador especialista em Realismo e Oriental<\/p>\t\t\t\t\t\t\t\t<\/div>\n\t\t\t\t<\/div>\n\t\t\t\t<div class=\"elementor-element elementor-element-294b42e0 elementor-widget elementor-widget-text-editor\" data-id=\"294b42e0\" data-element_type=\"widget\" data-widget_type=\"text-editor.default\">\n\t\t\t\t<div class=\"elementor-widget-container\">\n\t\t\t\t\t\t\t\t\t<p>Natural de Indaiatuba, interior de S\u00e3o Paulo, comecei a tatuar no ano de 2000, aos 17 anos de idade.<\/p>\n<p>Naquela \u00e9poca n\u00e3o existia o acesso \u00e0 informa\u00e7\u00e3o que existe hoje, para ter contato com o mundo da tatuagem existiam apenas revistas de tattoo. Tamb\u00e9m visitava conven\u00e7\u00f5es onde aprendia um pouco mais e tinha a oportunidade de ver outros profissionais tatuando.<\/p>\n<p>Durante 2 anos tatuei na minha pr\u00f3pria casa, mas logo me vi obrigado a alugar uma sala comercial para poder me profissionalizar. Em 2007 participei e competi na minha primeira conven\u00e7\u00e3o, chamada &#8220;Leds Tattoo&#8221;.<br>\nParticipei tamb\u00e9m no ano seguinte, por\u00e9m s\u00f3 em 2009 ganhei meu primeiro pr\u00eamio. Nos anos seguintes (2010,2011 e 2012) participei de outras conven\u00e7\u00f5es ganhando premia\u00e7\u00f5es no estilo Oriental e tamb\u00e9m em outras categorias.<\/p>\n<p>Em 2014 me mudei para o Rio de Janeiro para trabalhar no estudio Masters of Tattoo com o tatuador Beicinho, onde trabalhei por 2 anos agregando muito conhecimento.  <\/p>\n<p>J\u00e1 em 2016 comecei a fazer parte do time do conceituado est\u00fadio King Seven Tattoo, em Copacabana\/RJ, onde sigo at\u00e9 hoje fazendo o melhor trabalho que posso entregar! <\/p>\n<p>Dentre viagens para conven\u00e7\u00f5es em outros pa\u00edses, Workshops e claro, muito trabalho durante essa caminhada, sempre foquei em evoluir cada vez mais minha t\u00e9cnica para sempre entregar uma arte inesquec\u00edvel!<\/p>\t\t\t\t\t\t\t\t<\/div>\n\t\t\t\t<\/div>\n\t\t\t\t\t<\/div>\n\t\t<\/div>\n\t\t\t\t<div class=\"elementor-column elementor-col-50 elementor-inner-column elementor-element elementor-element-4caacde elementor-invisible\" data-id=\"4caacde\" data-element_type=\"column\" data-settings=\"{&quot;animation&quot;:&quot;fadeInRight&quot;}\">\n\t\t\t<div class=\"elementor-widget-wrap\">\n\t\t\t\t\t\t\t<\/div>\n\t\t<\/div>\n\t\t\t\t\t<\/div>\n\t\t<\/section>\n\t\t\t\t\t<\/div>\n\t\t<\/div>\n\t\t\t\t\t<\/div>\n\t\t<\/section>\n\t\t\t\t<section class=\"elementor-section elementor-top-section elementor-element elementor-element-4ec854c6 elementor-section-boxed elementor-section-height-default elementor-section-height-default\" data-id=\"4ec854c6\" data-element_type=\"section\" data-settings=\"{&quot;background_background&quot;:&quot;classic&quot;}\">\n\t\t\t\t\t\t<div class=\"elementor-container elementor-column-gap-default\">\n\t\t\t\t\t<div class=\"elementor-column elementor-col-100 elementor-top-column elementor-element elementor-element-34b7be3c\" data-id=\"34b7be3c\" data-element_type=\"column\" data-settings=\"{&quot;background_background&quot;:&quot;classic&quot;}\">\n\t\t\t<div class=\"elementor-widget-wrap elementor-element-populated\">\n\t\t\t\t\t\t<div class=\"elementor-element elementor-element-275ed513 elementor-widget elementor-widget-text-editor\" data-id=\"275ed513\" data-element_type=\"widget\" data-widget_type=\"text-editor.default\">\n\t\t\t\t<div class=\"elementor-widget-container\">\n\t\t\t\t\t\t\t\t\t<p>MINHAS ESPECIALIDADEs<\/p>\t\t\t\t\t\t\t\t<\/div>\n\t\t\t\t<\/div>\n\t\t\t\t<section class=\"elementor-section elementor-inner-section elementor-element elementor-element-1f200fc8 elementor-section-boxed elementor-section-height-default elementor-section-height-default\" data-id=\"1f200fc8\" data-element_type=\"section\">\n\t\t\t\t\t\t<div class=\"elementor-container elementor-column-gap-default\">\n\t\t\t\t\t<div class=\"elementor-column elementor-col-50 elementor-inner-column elementor-element elementor-element-429bb72b\" data-id=\"429bb72b\" data-element_type=\"column\">\n\t\t\t<div class=\"elementor-widget-wrap elementor-element-populated\">\n\t\t\t\t\t\t<div class=\"elementor-element elementor-element-283c511 elementor-widget elementor-widget-image\" data-id=\"283c511\" data-element_type=\"widget\" data-widget_type=\"image.default\">\n\t\t\t\t<div class=\"elementor-widget-container\">\n\t\t\t\t\t\t\t\t\t\t\t\t\t\t\t<img fetchpriority=\"high\" decoding=\"async\" width=\"1776\" height=\"359\" src=\"https:\/\/ricardosilvatattoo.com.br\/wp-content\/uploads\/2024\/01\/ORIENTAL.png\" class=\"attachment-full size-full wp-image-100\" alt=\"\" srcset=\"https:\/\/ricardosilvatattoo.com.br\/wp-content\/uploads\/2024\/01\/ORIENTAL.png 1776w, https:\/\/ricardosilvatattoo.com.br\/wp-content\/uploads\/2024\/01\/ORIENTAL-300x61.png 300w, https:\/\/ricardosilvatattoo.com.br\/wp-content\/uploads\/2024\/01\/ORIENTAL-1024x207.png 1024w, https:\/\/ricardosilvatattoo.com.br\/wp-content\/uploads\/2024\/01\/ORIENTAL-768x155.png 768w, https:\/\/ricardosilvatattoo.com.br\/wp-content\/uploads\/2024\/01\/ORIENTAL-1536x310.png 1536w\" sizes=\"(max-width: 1776px) 100vw, 1776px\" \/>\t\t\t\t\t\t\t\t\t\t\t\t\t\t\t<\/div>\n\t\t\t\t<\/div>\n\t\t\t\t<div class=\"elementor-element elementor-element-52659118 elementor-position-left elementor-view-default elementor-mobile-position-top elementor-widget elementor-widget-icon-box\" data-id=\"52659118\" data-element_type=\"widget\" data-widget_type=\"icon-box.default\">\n\t\t\t\t<div class=\"elementor-widget-container\">\n\t\t\t\t\t\t\t<div class=\"elementor-icon-box-wrapper\">\n\n\t\t\t\t\t\t<div class=\"elementor-icon-box-icon\">\n\t\t\t\t<span  class=\"elementor-icon\">\n\t\t\t\t<i aria-hidden=\"true\" class=\"icon icon-decision-making\"><\/i>\t\t\t\t<\/span>\n\t\t\t<\/div>\n\t\t\t\n\t\t\t\t\t\t<div class=\"elementor-icon-box-content\">\n\n\t\t\t\t\n\t\t\t\t\t\t\t\t\t<p class=\"elementor-icon-box-description\">\n\t\t\t\t\t\t\u00c9 uma arte milenar, vem sendo praticada h\u00e1 mais de 3 mil anos e est\u00e1 ligada diretamente a cultura e as cren\u00e7as do povo oriental.\n\nEssa pr\u00e1tica chegou a ser proibida durante um longo per\u00edodo no Jap\u00e3o e isso contribuiu para que ela se tornasse popular na parte ocidente do planeta.\n\nEntre os s\u00edmbolos mais famosos nessas tatuagens est\u00e3o os drag\u00f5es, f\u00eanix, carpas, tigres, gueixas, samurais, flores de cerejeiras, pe\u00f4nias, hannya, templos japoneses e chineses.\n\nA tradi\u00e7\u00e3o milenar da tattoo oriental possibilita a realiza\u00e7\u00e3o de artes para todos os gostos e tamanhos.\t\t\t\t\t<\/p>\n\t\t\t\t\n\t\t\t<\/div>\n\t\t\t\n\t\t<\/div>\n\t\t\t\t\t\t<\/div>\n\t\t\t\t<\/div>\n\t\t\t\t\t<\/div>\n\t\t<\/div>\n\t\t\t\t<div class=\"elementor-column elementor-col-50 elementor-inner-column elementor-element elementor-element-6311bd6c\" data-id=\"6311bd6c\" data-element_type=\"column\">\n\t\t\t<div class=\"elementor-widget-wrap elementor-element-populated\">\n\t\t\t\t\t\t<div class=\"elementor-element elementor-element-1937e60 elementor-widget elementor-widget-image\" data-id=\"1937e60\" data-element_type=\"widget\" data-widget_type=\"image.default\">\n\t\t\t\t<div class=\"elementor-widget-container\">\n\t\t\t\t\t\t\t\t\t\t\t\t\t\t\t<img decoding=\"async\" width=\"1816\" height=\"359\" src=\"https:\/\/ricardosilvatattoo.com.br\/wp-content\/uploads\/2024\/01\/REALISMO.png\" class=\"attachment-full size-full wp-image-101\" alt=\"\" srcset=\"https:\/\/ricardosilvatattoo.com.br\/wp-content\/uploads\/2024\/01\/REALISMO.png 1816w, https:\/\/ricardosilvatattoo.com.br\/wp-content\/uploads\/2024\/01\/REALISMO-300x59.png 300w, https:\/\/ricardosilvatattoo.com.br\/wp-content\/uploads\/2024\/01\/REALISMO-1024x202.png 1024w, https:\/\/ricardosilvatattoo.com.br\/wp-content\/uploads\/2024\/01\/REALISMO-768x152.png 768w, https:\/\/ricardosilvatattoo.com.br\/wp-content\/uploads\/2024\/01\/REALISMO-1536x304.png 1536w\" sizes=\"(max-width: 1816px) 100vw, 1816px\" \/>\t\t\t\t\t\t\t\t\t\t\t\t\t\t\t<\/div>\n\t\t\t\t<\/div>\n\t\t\t\t<div class=\"elementor-element elementor-element-706b1e7f elementor-position-left elementor-view-default elementor-mobile-position-top elementor-widget elementor-widget-icon-box\" data-id=\"706b1e7f\" data-element_type=\"widget\" data-widget_type=\"icon-box.default\">\n\t\t\t\t<div class=\"elementor-widget-container\">\n\t\t\t\t\t\t\t<div class=\"elementor-icon-box-wrapper\">\n\n\t\t\t\t\t\t<div class=\"elementor-icon-box-icon\">\n\t\t\t\t<span  class=\"elementor-icon\">\n\t\t\t\t<i aria-hidden=\"true\" class=\"icon icon-star1\"><\/i>\t\t\t\t<\/span>\n\t\t\t<\/div>\n\t\t\t\n\t\t\t\t\t\t<div class=\"elementor-icon-box-content\">\n\n\t\t\t\t\n\t\t\t\t\t\t\t\t\t<p class=\"elementor-icon-box-description\">\n\t\t\t\t\t\tO estilo Realismo, como o pr\u00f3prio nome j\u00e1 diz, tem como foco reproduzir na pele uma imagem realista seja de um rosto, paisagem, animal dentre v\u00e1rias outras op\u00e7\u00f5es.  \n\nDentro do pr\u00f3prio estilo existem algumas varia\u00e7\u00f5es como Preto e Cinza, Colorido, Portrait, 3D, dentre outros.\n\nEsse estilo vem ganhando cada vez mais espa\u00e7o no cen\u00e1rio da tattoo, justamente pela beleza da arte finalizada que geralmente surpreende pela qualidade do trabalho. \u00c9 um estilo muito bem elaborado, complexo e cheio de detalhes.\t\t\t\t\t<\/p>\n\t\t\t\t\n\t\t\t<\/div>\n\t\t\t\n\t\t<\/div>\n\t\t\t\t\t\t<\/div>\n\t\t\t\t<\/div>\n\t\t\t\t\t<\/div>\n\t\t<\/div>\n\t\t\t\t\t<\/div>\n\t\t<\/section>\n\t\t\t\t\t<\/div>\n\t\t<\/div>\n\t\t\t\t\t<\/div>\n\t\t<\/section>\n\t\t\t\t<section class=\"elementor-section elementor-top-section elementor-element elementor-element-77b41121 elementor-section-boxed elementor-section-height-default elementor-section-height-default\" data-id=\"77b41121\" data-element_type=\"section\" data-settings=\"{&quot;background_background&quot;:&quot;classic&quot;}\">\n\t\t\t\t\t\t<div class=\"elementor-container elementor-column-gap-default\">\n\t\t\t\t\t<div class=\"elementor-column elementor-col-100 elementor-top-column elementor-element elementor-element-464d62c2\" data-id=\"464d62c2\" data-element_type=\"column\">\n\t\t\t<div class=\"elementor-widget-wrap elementor-element-populated\">\n\t\t\t\t\t\t<div class=\"elementor-element elementor-element-4d7b6045 elementor-widget elementor-widget-text-editor\" data-id=\"4d7b6045\" data-element_type=\"widget\" data-widget_type=\"text-editor.default\">\n\t\t\t\t<div class=\"elementor-widget-container\">\n\t\t\t\t\t\t\t\t\t<p>Ricardo Silva Tattoo &#8211; 2024<\/p><p><strong>Todos os direitos reservados<\/strong><\/p>\t\t\t\t\t\t\t\t<\/div>\n\t\t\t\t<\/div>\n\t\t\t\t\t<\/div>\n\t\t<\/div>\n\t\t\t\t\t<\/div>\n\t\t<\/section>\n\t\t\t\t<\/div>\n\t\t","protected":false},"excerpt":{"rendered":"<p>Quem vai tatuar? Ricardo Silva Tatuador especialista em Realismo e Oriental Natural de Indaiatuba, interior de S\u00e3o Paulo, comecei a tatuar no ano de 2000, aos 17 anos de idade. Naquela \u00e9poca n\u00e3o existia o acesso \u00e0 informa\u00e7\u00e3o que existe hoje, para ter contato com o mundo da tatuagem existiam apenas revistas de tattoo. Tamb\u00e9m [&hellip;]<\/p>\n","protected":false},"author":1,"featured_media":0,"parent":0,"menu_order":0,"comment_status":"closed","ping_status":"closed","template":"elementor_canvas","meta":{"footnotes":""},"class_list":["post-50","page","type-page","status-publish","hentry"],"_hostinger_reach_plugin_has_subscription_block":false,"_hostinger_reach_plugin_is_elementor":false,"jetpack_sharing_enabled":true,"_links":{"self":[{"href":"https:\/\/ricardosilvatattoo.com.br\/index.php?rest_route=\/wp\/v2\/pages\/50","targetHints":{"allow":["GET"]}}],"collection":[{"href":"https:\/\/ricardosilvatattoo.com.br\/index.php?rest_route=\/wp\/v2\/pages"}],"about":[{"href":"https:\/\/ricardosilvatattoo.com.br\/index.php?rest_route=\/wp\/v2\/types\/page"}],"author":[{"embeddable":true,"href":"https:\/\/ricardosilvatattoo.com.br\/index.php?rest_route=\/wp\/v2\/users\/1"}],"replies":[{"embeddable":true,"href":"https:\/\/ricardosilvatattoo.com.br\/index.php?rest_route=%2Fwp%2Fv2%2Fcomments&post=50"}],"version-history":[{"count":52,"href":"https:\/\/ricardosilvatattoo.com.br\/index.php?rest_route=\/wp\/v2\/pages\/50\/revisions"}],"predecessor-version":[{"id":262,"href":"https:\/\/ricardosilvatattoo.com.br\/index.php?rest_route=\/wp\/v2\/pages\/50\/revisions\/262"}],"wp:attachment":[{"href":"https:\/\/ricardosilvatattoo.com.br\/index.php?rest_route=%2Fwp%2Fv2%2Fmedia&parent=50"}],"curies":[{"name":"wp","href":"https:\/\/api.w.org\/{rel}","templated":true}]}}